or of 540 and 9288?
108
What is the highest common factor of 290 and 10?
10
What is the greatest common divisor of 22 and 26?
2
Calculate the greatest common factor of 248 and 152.
8
What is the greatest common factor of 1160 and 319?
29
Calculate the highest common factor of 2142 and 170.
34
What is the highest common factor of 63 and 14?
7
Calculate the highest common factor of 51 and 561.
51
What is the greatest common factor of 592 and 74?
74
Calculate the highest common factor of 8 and 2674.
2
What is the highest common divisor of 1261 and 52?
13
What is the highest common divisor of 16 and 12?
4
Calculate the greatest common factor of 36 and 12.
12
What is the greatest common factor of 42344 and 268?
268
Calculate the highest common divisor of 188 and 2115.
47
Calculate the greatest common factor of 25 and 50.
25
What is the highest common factor of 26 and 806?
26
What is the greatest common factor of 25 and 5?
5
What is the greatest common factor of 50 and 2425?
25
Calculate the greatest common divisor of 966 and 276.
138
Calculate the highest common divisor of 10440 and 160.
40
What is the highest common factor of 21 and 14?
7
Calculate the highest common factor of 160 and 260.
20
Calculate the greatest common divisor of 154 and 198.
22
Calculate the highest common factor of 217 and 441.
7
What is the greatest common divisor of 11 and 66?
11
Calculate the highest common divisor of 1457 and 155.
31
Calculate the greatest common factor of 5 and 139.
1
Calculate the greatest common divisor of 297 and 66.
33
What is the highest common divisor of 68 and 17?
17
Calculate the greatest common factor of 146 and 1168.
146
What is the greatest common factor of 3604 and 136?
68
What is the greatest common factor of 359 and 36977?
359
What is the greatest common factor of 140 and 35?
35
What is the greatest common divisor of 21564 and 36?
36
What is the greatest common divisor of 207 and 1692?
9
What is the highest common factor of 7 and 8?
1
What is the greatest common divisor of 16296 and 336?
168
Calculate the greatest common divisor of 360 and 252.
36
What is the highest common divisor of 12 and 834?
6
What is the greatest common divisor of 3657 and 207?
69
What is the greatest common divisor of 90 and 60?
30
What is the highest common divisor of 1575 and 18?
9
What is the greatest common factor of 25 and 145?
5
What is the greatest common factor of 70 and 100?
10
Calculate the highest common divisor of 65 and 15.
5
Calculate the greatest common factor of 2150 and 50.
50
Calculate the greatest common divisor of 399 and 6213.
57
Calculate the highest common factor of 8280 and 30.
30
What is the greatest common factor of 830 and 4814?
166
What is the greatest common factor of 35 and 42595?
35
Calculate the greatest common factor of 507 and 117.
39
Calculate the highest common divisor of 874 and 38.
38
What is the highest common divisor of 29 and 1189?
29
Calculate the highest common divisor of 49 and 1225.
49
What is the greatest common divisor of 1183 and 1547?
91
What is the highest common factor of 902 and 2009?
41
Calculate the greatest common factor of 39130 and 43.
43
What is the highest common divisor of 979 and 11?
11
What is the greatest common factor of 440 and 30?
10
What is the greatest common divisor of 96 and 2912?
32
What is the highest common factor of 1239 and 118?
59
Calculate the greatest common divisor of 266 and 1582.
14
What is the greatest common divisor of 51 and 2397?
51
Calculate the highest common factor of 369 and 1640.
41
What is the highest common factor of 650 and 200?
50
What is the highest common divisor of 316 and 15642?
158
Calculate the highest common factor of 16287 and 183.
183
What is the greatest common divisor of 224 and 392?
56
What is the greatest common factor of 132 and 14388?
132
Calculate the highest common divisor of 1264 and 3002.
158
Calculate the greatest common divisor of 55 and 96415.
55
What is the greatest common divisor of 37 and 37?
37
Calculate the greatest common factor of 32 and 328.
8
What is the greatest common divisor of 448 and 77?
7
What is the highest common factor of 64 and 704?
64
What is the greatest common divisor of 3682 and 42?
14
What is the highest common divisor of 85 and 155?
5
Calculate the highest common factor of 30 and 12345.
15
What is the highest common factor of 1500 and 24?
12
What is the greatest common divisor of 417 and 4309?
139
What is the highest common factor of 156 and 108?
12
Calculate the greatest common divisor of 2 and 8564.
2
What is the greatest common factor of 37 and 5587?
37
What is the highest common factor of 2970 and 33?
33
Calculate the greatest common factor of 115 and 7245.
115
Calculate the greatest common factor of 34 and 4.
2
Calculate the greatest common factor of 24166 and 86.
86
What is the highest common factor of 22 and 4?
2
What is the greatest common divisor of 832 and 64?
64
Calculate the highest common factor of 26 and 156.
26
What is the greatest common divisor of 330 and 275?
55
Calculate the greatest common divisor of 23571 and 97.
97
What is the greatest common divisor of 17 and 13?
1
What is the greatest common divisor of 1431 and 53?
53
What is the greatest common factor of 20 and 1990?
10
What is the greatest common divisor of 8675 and 25?
25
What is the greatest common factor of 1962 and 2398?
218
Calculate the highest common factor of 65 and 3848.
13
Calculate the highest common factor of 333 and 777.
111
What is the highest common factor of 376 and 12314?
94
What is the greatest common divisor of 13398 and 308?
154
What is the greatest common divisor of 13 and 5?
1
What is the greatest common factor of 1572 and 36?
12
What is the greatest common factor of 16 and 55192?
8
Calculate the highest common divisor of 7 and 497.
7
What is the highest common factor of 8687 and 7?
7
What is the greatest common factor of 16 and 112?
16
Calculate the highest common factor of 282 and 2914.
94
Calculate the highest common divisor of 108 and 56.
4
What is the highest common divisor of 6 and 2922?
6
Calculate the highest common divisor of 20 and 470.
10
Calculate the highest common factor of 189 and 21.
21
What is the greatest common factor of 125 and 1?
1
What is the highest common divisor of 1785 and 840?
105
What is the greatest common factor of 162 and 3564?
162
Calculate the highest common factor of 4 and 3716.
4
What is the highest common divisor of 117 and 143?
13
What is the highest common factor of 125 and 1150?
25
What is the greatest common factor of 3111 and 51?
51
What is the highest common factor of 150 and 120?
30
Calculate the highest common divisor of 90 and 255.
15
Calculate the greatest common divisor of 378 and 210.
42
What is the greatest common factor of 32 and 864?
32
What is the highest common divisor of 4 and 11188?
4
What is the greatest common factor of 216 and 81?
27
What is the highest common divisor of 75875 and 125?
125
What is the highest common factor of 18 and 342?
18
What is the highest common factor of 3658 and 124?
62
Calculate the greatest common factor of 18 and 6750.
18
What is the highest common factor of 288 and 160?
32
What is the greatest common divisor of 4524 and 117?
39
Calculate the highest common divisor of 256 and 16.
16
Calculate the greatest common factor of 2825 and 904.
113
Calculate the highest common factor of 112 and 868.
28
Calculate the greatest common divisor of 392 and 1274.
98
What is the greatest common divisor of 207 and 23?
23
Calculate the highest common factor of 8262 and 51.
51
What is the highest common divisor of 119 and 1037?
17
Calculate the greatest common divisor of 20 and 11810.
10
What is the greatest common factor of 7480 and 561?
187
What is the highest common factor of 2 and 188?
2
Calculate the greatest common divisor of 12 and 5622.
6
Calculate the greatest common factor of 210 and 45.
15
Calculate the highest common divisor of 3 and 237.
3
What is the highest common divisor of 4 and 932?
4
What is the greatest common factor of 413 and 14?
7
What is the highest common divisor of 1537 and 53?
53
Calculate the highest common divisor of 144 and 684.
36
Calculate the highest common divisor of 1120 and 3500.
140
What is the highest common divisor of 11394 